culate v(-11).
-28
Let y(h) = -h**2 - 205*h - 2538. What is y(-13)?
-42
Let x(r) = -4*r**2 + 960*r - 4690. Give x(235).
10
Let q(n) = -9*n + 23. What is q(4)?
-13
Let s(o) = -o + 53. Determine s(72).
-19
Let p(m) = 158*m - 7402. Give p(46).
-134
Let b(f) = -1070*f - 2144. Calculate b(-2).
-4
Let m(i) = i**3 - 81*i**2 - 80*i - 173. What is m(82)?
-9
Let n(b) = 1555*b - 7619. What is n(5)?
156
Let x(r) = -545*r + 16336. Determine x(30).
-14
Let h(v) = 13*v**3 + 3*v**2 + 2*v + 2. What is h(-2)?
-94
Let m(q) = 67*q - 934. Give m(14).
4
Let n(u) = 3*u**3 + 22*u**2 - 15*u - 119. Determine n(-8).
-127
Let c(m) = 5*m**3 + 19*m**2 + 29*m + 14. What is c(-2)?
-8
Let p(c) = -15*c - 151. Give p(8).
-271
Let t(b) = 5*b**2 + 89*b + 58. Give t(-22).
520
Let z(j) = -j**3 + 30*j**2 - 84*j + 46. What is z(27)?
-35
Let s(y) = -126*y - 2742. Determine s(-22).
30
Let u(j) = j**3 + 11*j**2 - 26*j - 98. Calculate u(-12).
70
Let u(d) = -d**2 - 41*d + 73. Determine u(-35).
283
Let r(p) = 6*p**2 + 45*p - 7. Calculate r(-8).
17
Let k(b) = 6*b**3 + b**2 - 144*b - 2. Give k(-5).
-7
Let n(x) = 3*x**3 + 471*x**2 - 947*x + 1107. What is n(-159)?
-6
Let z(r) = 12*r**3 - 5*r**2 - 43*r - 39. Give z(-1).
-13
Let d(k) = -3*k**3 - 39*k**2 - 93*k - 24. Give d(-10).
6
Let z(u) = -13*u - 105. Give z(-14).
77
Let g(h) = -1238*h + 2482. Determine g(2).
6
Let b(v) = v**3 - 21*v**2 + 77*v - 6. What is b(6)?
-84
Let r(l) = -l**3 - 12*l**2 - 303*l - 3215. Determine r(-11).
-3
Let w(h) = -h**3 + 25*h**2 - 84*h - 292. What is w(20)?
28
Let a(w) = -13*w**3 - 144*w**2 - 19*w - 134. Determine a(-11).
-46
Let a(o) = -2*o**2 - 102*o - 946. Calculate a(-15).
134
Let o(i) = 16*i**2 - 7*i - 8. Give o(-1).
15
Let d(u) = -269*u - 3602. Give d(-13).
-105
Let z(r) = r**3 + 7*r**2 - 5*r - 17. What is z(-4)?
51
Let c(m) = -100*m**2 - 583*m + 10. Give c(-6).
-92
Let v(g) = 11*g**2 - 192*g + 30. What is v(17)?
-55
Let f(a) = 406*a - 6457. What is f(16)?
39
Let f(q) = 8*q**2 - 140*q + 111. Give f(17).
43
Let g(p) = -8*p + 340. Calculate g(24).
148
Let d(a) = -205*a + 1032. Calculate d(5).
7
Let x(h) = h**3 - 6*h**2 + 13*h - 13. Determine x(5).
27
Let x(g) = g**3 - 7*g**2 - 24*g + 19. Determine x(9).
-35
Let q(i) = -i**2 - 38*i + 36. Determine q(-39).
-3
Let m(b) = -b**2 + 2*b + 207. What is m(19)?
-116
Let i(g) = g**3 + 43*g**2 - 171*g + 208. Calculate i(-47).
-591
Let p(d) = 364*d - 2526. Give p(7).
22
Let o(j) = -16*j**2 - 4*j + 4. Determine o(1).
-16
Let k(a) = -a**3 - 48*a**2 + 92*a - 369. Give k(-50).
31
Let k(x) = -x**2 + 17*x - 95. Determine k(7).
-25
Let q(v) = -3*v**2 + 76*v - 174. Calculate q(23).
-13
Let f(k) = -3*k**3 + 2*k**2 + 22*k + 29. Give f(-2).
17
Let j(c) = -3*c**2 + 22*c + 4. Determine j(11).
-117
Let w(j) = -j**3 + 7*j**2 + 21*j + 8. Calculate w(6).
170
Let d(h) = 17*h - 135. Give d(-3).
-186
Let f(g) = 5*g**3 + 63*g**2 + 5*g - 16. What is f(-13)?
-419
Let j(l) = -1048*l + 4162. Calculate j(4).
-30
Let o(g) = 2*g**3 - 296*g**2 + g - 77. Calculate o(148).
71
Let l(u) = -2*u**3 - 123*u**2 + 62*u + 60. Calculate l(-62).
60
Let u(p) = -29*p + 115. Give u(23).
-552
Let p(b) = b**2 + 206*b + 1011. Give p(-5).
6
Let l(t) = -4*t**2 + 106*t - 18. Calculate l(16).
654
Let m(u) = u**3 - 9*u**2 + 127*u - 722. Determine m(6).
-68
Let f(d) = -212*d - 3364. Give f(-16).
28
Let t(h) = -12*h**2 - 291*h - 67. What is t(-24)?
5
Let n(c) = -7*c**2 + 817*c + 2754. What is n(120)?
-6
Let a(l) = -2*l**3 - 6*l**2 - 2*l - 36. Calculate a(-6).
192
Let j(c) = 922*c - 1838. Determine j(2).
6
Let i(h) = -5*h**2 + 53*h - 146. What is i(4)?
-14
Let y(h) = -5*h**2 - 64*h + 10. Calculate y(-16).
-246
Let o(n) = -22*n - 217. What is o(-10)?
3
Let r(j) = j**2 + 14*j - 80. Give r(5).
15
Let x(c) = -c**3 - 41*c**2 - 38*c - 1586. Determine x(-41).
-28
Let l(k) = 281*k + 5857. Calculate l(-21).
-44
Let v(y) = -30*y - 198. Calculate v(-8).
42
Let u(w) = -19*w**3 - w**2 - w. What is u(-1)?
19
Let y(g) = 2*g**3 + 27*g**2 + 34*g - 35. Calculate y(-12).
-11
Let a(d) = -d**2 + 1050*d - 29615. What is a(29)?
-6
Let a(k) = -k**3 + 26*k**2 - 170*k + 2325. Calculate a(23).
2
Let h(l) = 11*l + 432. Calculate h(7).
509
Let g(z) = -z**2 - 3*z + 1128. Determine g(32).
8
Let n(u) = -u**2 - 65*u + 622. Calculate n(10).
-128
Let t(s) = -44*s - 35. Calculate t(-2).
53
Let p(d) = -15*d**2 - 207*d + 46. Calculate p(-14).
4
Let s(a) = 7*a**2 - 412*a - 49. What is s(59)?
10
Let r(z) = -2*z**2 - 23*z + 34. Calculate r(-20).
-306
Let l(j) = 1078*j + 2114. What is l(-2)?
-42
Let s(t) = 3*t**2 + 231*t + 490. Calculate s(-75).
40
Let l(y) = 3*y**3 + 118*y**2 + 59*y + 52. Determine l(-39).
-728
Let s(z) = -142*z - 24278. What is s(-171)?
4
Let l(f) = 30*f + 260. Give l(-9).
-10
Let f(j) = 128*j - 3305. Calculate f(26).
23
Let z(l) = 8*l**2 - 174*l + 6. Calculate z(21).
-120
Let k(v) = -140*v - 995. What is k(-7)?
-15
Let j(o) = -o**3 + 15*o**2 + 29*o + 118. Determine j(17).
33
Let g(j) = 2*j**2 + 70*j + 607. Calculate g(-15).
7
Let g(c) = -21*c**2 - 439*c - 51. Calculate g(-21).
-93
Let n(h) = -2*h**2 + 5*h + 27. Give n(-3).
-6
Let f(k) = -160*k**2 - 10*k + 8. Calculate f(1).
-162
Let f(i) = 6*i**2 + 19*i + 28. Determine f(-4).
48
Let o(x) = -5*x**3 - 8*x**2 + 2*x + 7. Give o(-3).
64
Let j(f) = 21*f**2 - 98*f - 299. Calculate j(-3).
184
Let t(d) = d**3 - 20*d**2 + 98*d - 26. What is t(14)?
170
Let n(b) = 2*b**3 + 59*b**2 + 31*b - 11. What is n(-29)?
-69
Let s(t) = 1011*t - 18336. Determine s(18).
-138
Let u(o) = -2346*o + 131382. Determine u(56).
6
Let r(c) = 99*c - 1518. What is r(15)?
-33
Let v(f) = f**3 - 14*f**2 + 25*f - 38. Determine v(11).
-126
Let w(b) = -2*b**2 - 11*b + 30. What is w(4)?
-46
Let u(h) = -5*h + 500. What is u(-11)?
555
Let n(r) = r**3 - 12*r**2 + 68*r - 404. Calculate n(9).
-35
Let y(q) = 39*q - 4481. Determine y(115).
4
Let r(p) = -2*p + 169. Calculate r(14).
141
Let f(p) = 111*p + 4975. What is f(-45)?
-20
Let g(n) = -2*n**3 - 47*n**2 - 24*n + 34. Determine g(-23).
57
Let q(p) = 2*p**2 - 53*p - 663. Determine q(36).
21
Let k(i) = -2*i**3 - 5*i**2 + 15*i + 41. Calculate k(-4).
29
Let b(p) = -4*p**2 + 4*p - 32. Give b(6).
-152
Let w(a) = -30*a**2 + 226*a + 147. Determine w(8).
35
Let q(d) = d**3 - 3*d**2 + 168. What is q(9)?
654
Let o(b) = -3*b**2 + 51*b - 200. Determine o(10).
10
Let u(y) = 59*y - 616. What is u(6)?
-262
Let w(g) = -g**2 + 6*g + 673. Determine w(-23).
6
Let t(o) = o**3 + 41*o**2 + 208*o - 37. Calculate t(-35).
33
Let s(f) = -31*f - 67. Determine s(-2).
-5
Let p(y) = y**2 - 79*y - 1137. Give p(92).
59
Let b(n) = 28*n**3 - 3*n**2 - 13*n - 9. Determine b(-1).
-27
Let y(l) = l**3 - 15*l**2 + 38*l + 2. Calculate y(11).
-64
Let i(q) = 779*q + 6359. Give i(-8).
127
Let i(f) = 9*f**3 - 4*f**2 - 21*f - 72. Determine i(-3).
-288
Let l(p) = -p**3 + 10*p**2 + 36*p - 30. Determine l(11).
245
Let g(w) = 2*w**3 - 16*w**2 - 25*w + 42. Give g(8).
-158
Let n(a) = -3*a**2 + 70*a - 3. Calculate n(24).
-51
Let f(o) = 8*o**2 - 5*o - 7. Calculate f(4).
101
Let w(h) = -38*h + 363. Give w(10).
-17
Let p(d) = 41*d - 1041. What is p(30)?
189
Let h(w) = 456*w + 4567. What is h(-10)?
7
Let g(k) = -k**3 + 29*k**2 + 19*k - 67. Determine g(30).
-397
Let m(t) = -868*t + 5187. What is m(6)?
-21
Let h(g) = -77*g + 116. Determine h(4).
-192
Let s(u) = 8643*u - 95060. What is s(11)?
13
Let k(u) = 4*u**2 - 53*u + 105. Determine k(2).
15
Let o(c) = c**3 + 26*c**2 + 60*c - 125. What is o(-23)?
82
Let z(o) = -o**2 + 40*o - 88. Calculate z(32).
168
Let x(f) = -463*f**3 + f. What is x(1)?
-462
Let a(b) = 2747*b - 8241. What is a(3)?
0
Let g(m) = 2439*m - 4874. Determine g(2).
4
Let a(z) = 4*z + 221. Calculate a(14).
277
Let q(t) = t**3 + 18*t**2 - 24*t - 695. Calculate q(-17).
2
Let d(h) = -h**3 - 15*h**2 - 50*h - 214. Give d(-12).
-46
Let x(q) = 543*q - 2694. Determine x(5).
21
Let d(q) = -2*q**3 - 14*q**2 + 10*q - 22. Determine d(-9).
212
Let l(m) = 4*m**2 - m - 13. Calculate l(7).
176
Let b(l) = -2*l**3 - l**2 - 5*l - 4. Calculate b(-4).
128
Let n(q) = 5*q**2 + 244*q + 34. Give n(-50).
334
Let t(f) = 2*f**3 + 12*f**2 + 2*f - 139. Determine t(0).
-139
Let f(j) = -j**2 + 23*j - 126. Give f(17).
-24
Let g(b) = -213*b - 16196. Calculate g(-76).
-8
Let m(u) = 3*u**2 - 24*u - 66. What is m(-3)?
33
Let h(i) = -807*i - 21784. Determine h(-27).
5
Let t(z)